
8
4 + -6 + (-86 - -109)
21
What is 4 - -6 - (29 - 4)?
-15
19 + (-18 - 19 - -4)
-14
(12 - 55 - -6) + -18 + 32
-23
What is -12 + 6 + 10 - (5 - -5)?
-6
What is (-6 - 6) + (9 - 34 - -9)?
-28
-1 + -50 + 48 + (5 - 1) - -10
11
What is (28 - -1) + 2 - (-43 + 10 - -38)?
26
(6 - (3 + -8)) + (-11 - (17 - 4))
-13
8 - (1 + 27 - -4)
-24
(-25 + 22 - 6) + 25 + -1 - -7
22
What is -19 + -21 + 12 - -21?
-7
What is the value of 11 + (-25 - -15 - -12)?
13
What is the value of -25 - (15 - (16 - 0))?
-24
-26 - (9 + (-7 - -2)) - -5 - 1
-26
What is -24 + (19 - (11 - 1))?
-15
-4 + (-20 + 1 - -32)
9
What is 0 - -7 - (-17 - -9 - -2) - 5?
8
What is the value of (-17 - (-34 - -20)) + -1?
-4
-4 + 0 + (2 + 6 - (-12 - -22))
-6
-29 + 15 + (7 - 17)
-24
Calculate (-12 + 22 - 5 - 8) + 9.
6
7 + -4 + -16 + 7 + 18
12
What is (30 - (11 + -10)) + (-1 - 7)?
21
Evaluate (-596 - -595) + 17 + (0 - 0).
16
What is 21 + -13 - (10 + -1)?
-1
-2 - (-79 + 54 + 1 + -2 + 3)
21
Evaluate -13 + -9 + 14 - -18.
10
What is the value of 6 - (-7 + 14) - (-9 + (4 - 1))?
5
Evaluate -2 - -8 - (6 + -1 - 41) - 8.
34
Evaluate (6 - 8) + 4 + 3 + -1.
4
-5 - (4 - 9) - 4 - -2
-2
Calculate 0 - -14 - (6 - (39 + -77)).
-30
Evaluate 3 + -1 + 2 - (5 + -1 + 9).
-9
(-5 - -1 - (23 + -24) - -9) + 1
7
What is the value of 1 - (-1 + 1 - ((-1 - -15) + -15))?
0
Calculate -118 + 117 - (2 - 14).
11
Evaluate -6 + (-9 - -20 - 11) + -9.
-15
Calculate 13 - (6 + -8 + 10) - 20.
-15
What is (565 - 548) + 0 + -12?
5
Evaluate 2 + 3 + -11 - (-1 + -4) - 28.
-29
Calculate 32 + -26 + -1 + -4 - (1 - 4).
4
What is -2 - (-8 - (-5 - 2)) - 3?
-4
(-1 - -17) + (-3 - (-2 - (-9 - -12)))
18
-16 + 9 - (4 + 2)
-13
What is the value of (-19 + (-19 - -24) - 22) + -1?
-37
What is 5 + (2 - (-2 + 13)) - -13?
9
What is the value of (-43 - 0) + (-2388 - -2402)?
-29
Calculate 26 + (-20 - (-37 + 76)).
-33
Evaluate -51 - -65 - (-13 + 5).
22
Calculate -2 + -15 - -8 - 0 - (0 + -4).
-5
-9 + (-32 - -14) - -2
-25
What is -9 + 22 + -21 + 9?
1
Calculate 15 - (12 + (8 - (-7 - 9))).
-21
Calculate 9 + (12 - 28) + (-1 - 2).
-10
-4 + (3 - 13) + 12 + 4
2
What is the value of (-31 + 26 + -12 - (-1 + -1)) + 11?
-4
Evaluate (-21 - 0 - (-190 - -181)) + (10 - 2).
-4
Evaluate 1 - -19 - (24 - 11) - 5.
2
62 + 1 - (379 + -340)
24
(-24 + 0 + 14 - -19) + -2
7
What is the value of (-18 - -38) + (-6 - 2 - 2) + 1?
11
What is the value of 1 + 0 + 5 + -10 + -4 + -2?
-10
-11 - ((-6 - -2) + (-65 - -69))
-11
What is 14 + -4 - -6 - 4?
12
26 + -41 - -26 - (46 + (-1 - 0))
-34
What is the value of (21 - 7) + -17 - (-1 + 1 + -1)?
-2
-56 - (28 - 60) - 13
-37
What is 12 + 2 - (0 + 7 + (-9 - -2))?
14
Evaluate 5 - (-1 + 3) - (15 - (-54 - -46)).
-20
What is 5 + (-3 - (16 + -27))?
13
What is the value of (-2 + 14 - 2) + 1 + -26?
-15
Calculate -7 + (-5 - 1) + 9 + (1 - 18).
-21
Calculate 573 - 555 - (1 + -1 - -2).
16
Calculate -8 - (-2 + (6 - -4)) - (-1 + -2).
-13
What is the value of -19 - (6 - (6 + 6 - 4))?
-17
What is 74 - 78 - (-17 + 2)?
11
(-20 - -2) + (-125 - -132)
-11
What is (0 + 3 - 2) + 6 + (-24 - -20)?
3
Calculate 26 + (9 - 9 - 7).
19
Evaluate -21 - (16 - (3 - -30)).
-4
What is -1 + -2 + -15 - -7?
-11
What is -8 + (0 + -4 - 2) - -3?
-11
Calculate -1 + -17 - -7 - -16.
5
Evaluate 4 + (28 - 26) + 2 + -9 + -15.
-16
-4 - (-4 + (-5 - 12 - -21))
-4
6 - 2 - (-6 + 1) - (179 - 144)
-26
What is the value of -17 + 21 + (6 + 3 + -15 - 1)?
-3
What is the value of -3 - -2 - (-44 - -63)?
-20
What is 34 - (17 + (-34 - -66))?
-15
What is the value of 10 - 0 - ((18 + -11 - -7) + -9)?
5
What is the value of -7 + (3 - 0) + (-13 - -25)?
8
What is -29 - (-17 + 46 + -59)?
1
What is the value of -585 + 556 + (44 - 2)?
13
Calculate 3 + 4 - (4 + (5 - 20) + -1).
19
Evaluate -7 - (1 - 3 - (-6 + 3 + 6)).
-2
Calculate (17 - 7) + (-37 - (-13 + -13)).
-1
What is 33 + -11 + 0 + -30?
-8
-465 - -476 - (1 - 11)
21
(24 - -2 - -6) + -18
14
(-14 - -19 - (11 + -1)) + -2 + -7
-14
Calculate 11 - -1 - (-9 - 1 - (23 - 39)).
6
What is the value of 4 - (13 + -8 - 9)?
8
(2 - -1) + (-5 - -55 - 63)
-10
What is (-17 - 5) + -23 + 47?
2
What is -4 + 4 + (21 - 9 - 22)?
-10
What is the value of (92 - 23) + -33 - 2?
34
Calculate -16 - (-3 + -5 + -3 - -8).
-13
What is 3 + (-9 - 3 - -23)?
14
What is (-27 - -41) + (5 - (-2 - 1))?
22
What is (5 - 1) + -9 - 4 - (-142 - -115)?
18
(-1 - -18) + (15 + -26 - -25)
31
12 + -5 + (7 - 13 - 1)
0
Evaluate (1 - (2 + -6)) + (2 - 38 - -20).
-11
What is the value of 1 + -33 + 7 + 30?
5
Calculate (-1 - (11 + -27)) + -12.
3
Evaluate 2 + -23 + (16 - 7).
-12
Evaluate (3 - -2 - 3) + -10 + -3.
-11
What is 1 - 3 - (-14 + -8)?
20
Calculate -25 - -15 - (2 - 4).
-8
Evaluate -23 + (-30 - (4 - 48)).
-9
Calculate (1 - 0 - 0) + 5 + (66 - 65).
7
Evaluate (7 - 0) + (-12 - -21) + -5.
11
What is the value of (180 - 173) + -19 + 0 + -5?
-17
Evaluate -25 - (10 + -8) - -19.
-8
Evaluate (-15 - (-4 - -3)) + -20 + 5.
-29
-18 - (-3 + 12 - 15)
-12
What is -8 + (1 + 3 - -13)?
9
What is 94 + -69 + (-21 - -3)?
7
What is 11 - 20 - (-15 - -12)?
-6
What is the value of -124 + 113 + 1 + 2?
-8
Calculate -3 + (-2 - 3) + (-65 - -60).
-13
What is -753 - -758 - (2 + 0 + -1 + 22)?
-18
What is the value of 0 + (0 - 15) - (4337 + -4374)?
22
(1 - (9 - (-4 + 33))) + -6
15
Evaluate 2 + 5 - (17 + -5) - (-23 + 0).
18
9 + (7 - 0 - (-84 - -89))
11
What is the value of -1 + 7 + 0 + 5 + -6 + -6?
-1
What is the value of 28 + -9 + 8 - 19?
8
-31 + 21 - (-24 - (-5 + 8))
17
What is the value of (-56 - -11) + 32 - (-15 + -1)?
3
-103 - -116 - (-2 - (-7 + 2))
10
What is 6 - (-1 + 1 + -2 + 451 + -454)?
11
-7 + (11 - 6) + 12 + (-22 - -17)
5
-1 - ((6 - -7) + -6) - (11 - 4)
-15
What is the value of 12 + 3 + -1 + 20 + 4?
38
Calculate -2 + 2 + -19 - ((6 - 6) + -7).
-12
What is the value of 25 + -7 + 4 - 40?
-18
Calculate 5 - (10 - 9) - (-2 + (0 - -2)).
4
Calculate 30 + (4 + -3 - 25).
6
Calculate 0 - 5 - -1 - (1 - (7 - 11)).
-9
1 - ((3 + -5 - 2) + (33 - 30))
2
What is the value of (2 - (3 - 14)) + -9 - (-21 - 5)?
30
What is -11 + (20 + -13 - 3)?
-7
What is the value of 61 - 60 - (1 + -24 - -2)?
22
What is (-6 - (-1 + -2)) + (-10 - (-14 + 13))?
-12
What is the value of (15 - 42 - 3) + 38?
8
What is the value of 1170 - 1145 - (1 + -2 + 3 - 1)?
24
What is -2 - (-5 + 3 + -8) - (-43 - -39)?
12
Evaluate (-3 - (-1 - 2)) + 5 - (15 + -19).
9
Calculate -19 - ((15 - 11) + -13).
-10
What is 3 + 7 + 0 + -52 + 26 + 28?
12
What is the value of (-4 - (10 - 27)) + -25?
-12
Calculate (10 - 51 - 11) + 27 - (-1 - 11).
-13
-3 + -1 + 3 - -11 - (798 + -802)
14
Evaluate (10 - -1 - 3) + -17 + 13.
4
Evaluate -8 + (36 - (12 - 5)).
21
What is the value of -3 + 5 + (10 - 33) + 1 + -5?
-25
Calculate 0 + (-5 - -12) + 5.
12
Evaluate 20 - (36 - 17) - 33.
-32
Evaluate (41 - (-6 - -16)) + -21.
10
What is (30 + -3 - 21) + -17 + 1?
-10
(-4 - -6) + 84 + -74
12
Evaluate 1 - (-2 + 3 - (39 - 29)).
10
What is the value of (-143 - -158) + (0 - -8)?
23
What is the value of -5 - (18 + -8 + 15)?
-30
What is the value of -1 - ((-6 - 22) + 25)?
2
Calculate 1 - -14 - (9 + -5).
11
(-14 - 1) + (-135 - -160) + -1
9
Calculate 6 - -2 - (-11 + (18 - 0)).
1
Evaluate -17 + 6 - ((-12 - -24) + -12).
-11
Evaluate 16 - (2 + 3 + -3 - -6).
8
Evaluate 12 - -8 - (-13 + (9 - (-5 + 6))).
25
-9 + 1 + (-375 - -358)
-25
1 - (-6 + -2 + (-2 - 3) - -1)
13
What is (-6 - 1) + (-5 - (-3 + 3 + 4))?
-16
-3 + (-9 - -7) - (-12 - 2 - -2)
7
What is (30 - (68 - 38)) + 9?
9
What is (-1 + 3 - (-10 + -10 - -10)) + 9?
21
Calculate 14 + -13 + -2 + 11 + 7.
17
What is the value of 30 - (-17 + 44 + -24)?
27
What is the value of (7 - 6) + 0 + (3 - -6)?
10
Calculate (-6 - (20 + -18)) + (-2 - -7 - 7).
-10
What is the value of 3 + 3 + (-62 - -51 - (-9 - 0))?
4
What is -5 + 0 + -3 + (-4 - -1)?
-11
What is 19 - (29 + 1 - -4) - -35?
20
What is 18 + 7 + -13 - (1 - 4)?
15
1 + -3 - (18 - 49 - -43)
-14
Calculate 0 - 24 - (3 + 5 - 15).
-17
Calculate 0 + -1 + (-360 - -374).
13
Evaluate -8 + (-15 - -13) - -13.
3
What is the value of -2 + -2 + (-3 - -9 - (-6 - -6))?
2
Evaluate -10 + 14 + 1 + 3.
8
What is the value of -6 + 3 + 7 + -22 + (2 - 6)?
-22
Calculate 14 - -2 - (10 + (3 - 6)).
9
Calculate -10 + 4 + 18 + 4 - 2.
14
Evaluate -8 - (-2 - (-1 + -7 + 4 + -1)).
-11
What is the value of 59 - (36 + 43 + -42)?
22
Evaluate 18 + -8 - 2 - 7 - 15.
-14
Calculate -15 - -26 - 16 - -13.
8
What is